1.
5431
Calculate the greatest common factor of 5343582 and 96.
6
Calculate the greatest common factor of 27550722 and 1254.
114
Calculate the highest common factor of 3876 and 1375296.
228
What is the greatest common factor of 1922 and 1914498?
62
What is the greatest common divisor of 718116938 and 308?
154
What is the highest common divisor of 63774 and 11802914?
2362
What is the greatest common factor of 987983594 and 884?
442
Calculate the greatest common divisor of 1278 and 16754040.
18
Calculate the greatest common factor of 8200349 and 1126671.
4127
Calculate the highest common factor of 71402643 and 4329.
117
What is the greatest common divisor of 3603 and 2811541?
1201
What is the highest common divisor of 2858275 and 8505?
35
Calculate the greatest common divisor of 21 and 720727917.
21
Calculate the greatest common divisor of 56119 and 1491.
7
What is the highest common divisor of 249 and 56258479?
83
What is the greatest common factor of 65846404 and 1456?
52
Calculate the highest common divisor of 1501534 and 47083.
197
Calculate the highest common divisor of 106 and 24945457.
53
Calculate the greatest common divisor of 490386681 and 18.
9
What is the greatest common factor of 1035 and 6634755?
45
Calculate the highest common factor of 20310588 and 2268.
324
Calculate the greatest common divisor of 6444 and 6227768.
716
What is the greatest common divisor of 1909 and 2663387?
83
What is the greatest common divisor of 102440 and 29510?
130
What is the greatest common factor of 895179 and 900180?
5001
Calculate the greatest common factor of 913 and 10047235.
11
Calculate the highest common factor of 3723888 and 588.
84
Calculate the greatest common divisor of 262292556 and 3108.
444
What is the greatest common divisor of 6444 and 89310618?
3222
What is the greatest common factor of 93014169 and 1635?
327
What is the highest common factor of 182 and 502034?
26
Calculate the highest common factor of 642537 and 2387.
217
What is the highest common divisor of 467458 and 4366?
74
Calculate the highest common divisor of 584373 and 573426.
123
What is the greatest common divisor of 652288 and 3185?
637
What is the highest common factor of 656 and 3166676?
164
What is the greatest common factor of 8156110 and 7945?
1135
What is the highest common factor of 328938 and 64824?
438
What is the highest common factor of 105 and 848665965?
105
Calculate the greatest common factor of 1008486 and 1481742.
5634
What is the greatest common factor of 6458035 and 1598?
47
What is the greatest common divisor of 2715 and 9450975?
15
Calculate the highest common divisor of 1221295 and 39950.
235
What is the highest common divisor of 672312 and 8481?
771
What is the highest common factor of 4437 and 82476?
261
Calculate the highest common divisor of 608 and 379672.
8
What is the highest common factor of 6432 and 1325997?
201
Calculate the highest common divisor of 2881 and 1787196659.
2881
Calculate the highest common divisor of 1098 and 23194152.
1098
Calculate the greatest common divisor of 5955433 and 85129.
1199
What is the greatest common divisor of 31440 and 778800?
240
Calculate the highest common divisor of 138060 and 6785.
295
Calculate the highest common divisor of 165960 and 288.
72
What is the highest common factor of 8151 and 63422?
19
What is the highest common factor of 23 and 77029?
1
What is the highest common divisor of 7442 and 42794?
2
What is the highest common factor of 208955 and 287165?
395
What is the greatest common divisor of 2538 and 6009258?
6
Calculate the highest common factor of 22 and 785884.
22
What is the greatest common factor of 1697591 and 171430?
217
What is the highest common factor of 1541215 and 70952?
181
Calculate the greatest common divisor of 618809788 and 233.
233
What is the greatest common divisor of 252234171 and 9?
9
Calculate the highest common divisor of 4972025 and 1150.
575
Calculate the greatest common factor of 54 and 13130100.
54
What is the highest common factor of 15783440 and 640?
80
Calculate the greatest common divisor of 320 and 111201760.
160
Calculate the highest common factor of 357034 and 476.
34
Calculate the greatest common divisor of 11345498 and 212.
106
What is the greatest common factor of 75 and 3554931?
3
Calculate the greatest common factor of 114673 and 4615.
13
Calculate the highest common divisor of 4654638 and 108.
54
Calculate the greatest common divisor of 481017 and 16050081.
4413
Calculate the highest common factor of 2312 and 22766.
2
Calculate the highest common factor of 2356 and 6113402.
38
What is the highest common divisor of 369907 and 168907?
67
What is the highest common divisor of 4560 and 156522?
114
What is the highest common factor of 11482107 and 822?
411
What is the highest common divisor of 1141 and 230468?
7
What is the highest common factor of 1344 and 74699436?
84
What is the highest common factor of 1698338 and 2023898?
5426
What is the highest common factor of 14 and 497414?
2
Calculate the highest common divisor of 2362 and 79661993.
1181
What is the highest common divisor of 54 and 1590369?
3
Calculate the highest common factor of 20739968 and 62520.
4168
What is the greatest common factor of 17232658 and 95266?
874
Calculate the highest common divisor of 51 and 46369761.
51
What is the highest common factor of 1600665 and 7953?
33
Calculate the greatest common factor of 1087056 and 3504.
48
Calculate the highest common factor of 2089 and 32862059.
2089
Calculate the highest common factor of 32980 and 124780.
340
What is the highest common divisor of 2198276 and 788?
4
What is the greatest common divisor of 9 and 3117351?
3
Calculate the highest common factor of 89180 and 2660580.
260
What is the greatest common factor of 3525 and 184015105?
235
Calculate the highest common factor of 8 and 98066984.
8
What is the highest common factor of 1610 and 49503790?
70
Calculate the highest common divisor of 23280690 and 14415.
465
What is the highest common divisor of 224202 and 19173?
33
Calculate the greatest common factor of 31 and 445661.
1
What is the highest common divisor of 168 and 177456972?
84
What is the greatest common factor of 10018262 and 3014?
274
Calculate the greatest common factor of 1056918 and 258.
6
What is the greatest common factor of 989577 and 740259?
1539
Calculate the highest common divisor of 91 and 271332971.
91
Calculate the highest common factor of 542889 and 14103.
9
What is the greatest common factor of 62911740 and 172020?
3660
Calculate the highest common divisor of 4440 and 241492155.
555
What is the highest common factor of 1632 and 350195376?
816
Calculate the highest common divisor of 399791 and 8442.
7
What is the greatest common factor of 1116 and 874758?
186
What is the greatest common divisor of 61687237 and 119?
17
What is the greatest common divisor of 24408771 and 606?
303
Calculate the highest common factor of 22503989 and 1493.
1493
Calculate the highest common factor of 2158 and 203788.
26
What is the highest common divisor of 26243 and 4852673?
1141
Calculate the greatest common divisor of 7950 and 7978890.
30
What is the highest common divisor of 114893338 and 392?
98
Calculate the highest common factor of 580504306 and 5011.
5011
Calculate the greatest common factor of 14370 and 54690.
30
Calculate the highest common factor of 609046146 and 15948.
7974
What is the highest common factor of 3180000 and 1312?
32
What is the highest common divisor of 880 and 3684210?
10
What is the highest common factor of 22866 and 1708401?
111
What is the highest common divisor of 821 and 1008186358?
821
What is the greatest common factor of 5736 and 5407136?
1912
What is the highest common divisor of 13590677 and 207?
23
What is the highest common factor of 900600 and 23750?
950
Calculate the greatest common divisor of 24 and 76171224.
24
What is the highest common divisor of 2180 and 2978260?
20
What is the highest common divisor of 21266 and 33046?
62
Calculate the highest common factor of 26265 and 12129177.
5253
Calculate the greatest common divisor of 475 and 27339575.
475
Calculate the greatest common factor of 27008 and 6059920.
3376
Calculate the greatest common divisor of 2519 and 2548999.
229
What is the highe